 -2)*(-20)/15. Let p be h*1*12/(-8). Let o(z) = -z + 5. What is the remainder when 32 is divided by o(p)?
10
What is the remainder when (-2*1)/(4/(-54)) is divided by 45/6 - 3/6?
6
Let l = -39 + 64. What is the remainder when 99 is divided by l?
24
Suppose -3*h = b + 2*b - 6, 3*h + 2*b - 7 = 0. Suppose 48 = h*t + 5*v, 4*v - 21 = -t - 5. Let y = t + -8. What is the remainder when 23 is divided by y?
7
Suppose 35 = -2*u + 7*u. Suppose 28 = -3*m + u*m. Let z(g) = g + 11. Calculate the remainder when m is divided by z(-6).
2
Suppose 5*o + 155 = 5*g, 7*g + 5*o - 142 = 3*g. Calculate the remainder when g is divided by 12.
9
Let g = 0 - -3. Suppose -8*k = -g*k + 1380. What is the remainder when 55 is divided by 6/10 - k/15?
17
Let p(f) = -35*f**3 + f**2 + f - 1. Let y be p(1). Let g = y + 16. Calculate the remainder when (g/8)/(3/(-36)) is divided by 14.
13
Suppose -2*u + 5*u + q = 85, 4*u - 112 = -2*q. Calculate the remainder when u is divided by 11.
7
Suppose -9 = -2*n + 5*n. Let b = -2 + n. Let r(p) = p**3 + 5*p**2 - 3*p - 1. What is the remainder when r(b) is divided by 5?
4
Let u(n) = -n - 3. Calculate the remainder when u(-7) is divided by 3.
1
Suppose -2*l - p + 50 = 0, 9*l + 4*p = 12*l - 97. Calculate the remainder when l is divided by 14.
13
Suppose -p = -1, 4*p + 56 = q + 2*q. Calculate the remainder when (2 + -7)*(2 - q) is divided by 23.
21
Let a = 22 + 33. Let j(l) = 24*l + 1. Let p be j(-2). Let b = p - -66. Calculate the remainder when a is divided by b.
17
Let w = -60 + 82. What is the remainder when 39 is divided by w?
17
Let j(w) = 3*w**2 + w - 2. Suppose -14 - 158 = -2*t. What is the remainder when t is divided by j(-3)?
20
Let f = -27 - -40. What is the remainder when (-1 - -2) + 25 + -1 is divided by f?
12
Suppose -3 = 3*c, -o - 2 = -3*c - 9. Calculate the remainder when 30/8 + (-1)/(-4) is divided by o.
0
Suppose 4*a + 109 = 3*l + 35, -a = -4*l + 103. Suppose 2*x + l = 3*x. What is the remainder when x is divided by 14?
12
Let v = 8 + -5. Suppose 4*x + t - 18 = 0, 0 = -4*x - v*t + 7 + 7. Suppose 3*j = -j - 2*s + 110, -x*s - 15 = 0. Calculate the remainder when j is divided by 10.
9
Let b(o) = o**3 - o + 9. What is the remainder when 10 is divided by b(0)?
1
Let b be 1/4 - 14/(-8). Suppose -2*w = b*a - 10, 6*a = a + 3*w + 17. Calculate the remainder when 13 is divided by a.
1
Let t be (3/(-9))/(1/(-15)). Suppose -h - 4 + 1 = 0. Let o = t - h. Calculate the remainder when 23 is divided by o.
7
Suppose 4*l - 340 = -0*l. What is the remainder when l is divided by (-12 + 41)/(1/1)?
27
Suppose 0 = 2*m - 7*m + 20. What is the remainder when 11 is divided by m?
3
Let f = -12 - -30. What is the remainder when (-42)/((-90)/25 - -3) is divided by f?
16
Let t(q) = q**3 - 6*q**2 + 7*q - 6. Calculate the remainder when 9 is divided by t(5).
1
Suppose -12*y = -17*y + 40. What is the remainder when 18 is divided by y?
2
Let n be (-19)/(-4) + (-3)/(-12). Suppose n*m - 21 - 94 = 0. Calculate the remainder when m is divided by 8.
7
Suppose 0*a = -3*a + 6. Suppose 6*g - a*g = 56. What is the remainder when 40 is divided by g?
12
What is the remainder when (50/4)/((-1)/(-2)) is divided by 2*1/((-4)/(-14))?
4
Let h(b) = b**2 - 15*b + 16. Let m be h(11). Let u = m + 45. Calculate the remainder when 67 is divided by u.
16
Suppose 0 = -2*d - 0*d + 16. Let a = d - 1. Let z = 7 + a. What is the remainder when 40 is divided by z?
12
What is the remainder when 1*(1/6 + 164/24) is divided by 5?
2
Let q(y) = -3*y**2 - 7*y - 6. Let p be q(-4). What is the remainder when 17 is divided by (-2)/(-6) - p/3?
8
Let j(m) = m**3 - 3*m**2 - 3*m - 4. Let b be j(4). Suppose -k + b = c - 5, -4*c = 16. Let a = -7 + k. What is the remainder when 2 is divided by a?
0
Suppose -3*r - 6*b + 11*b + 103 = 0, 0 = 3*r + 3*b - 87. Calculate the remainder when 122 is divided by r.
29
Let k(l) = l**2 - l + 1. Let w be k(2). Calculate the remainder when (6 + 3)/w + 17 is divided by 7.
6
Suppose -3 = 3*g + 4*q - 5, 3*g + 5*q - 1 = 0. Let f be 8/(-6)*6/4. Let w = f + 3. What is the remainder when g is divided by w?
0
Suppose 0 = -4*u + 5*s + 3 + 16, -s + 13 = 2*u. Let k = 3 + u. Calculate the remainder when 16 is divided by k.
7
Suppose -52 = -9*w + 5*w. Let x = w - -44. What is the remainder when x is divided by 15?
12
Suppose -4 - 2 = 3*l, -4*l + 137 = 5*c. Let o = 292 + -445. Calculate the remainder when c is divided by o/(-15) - (-1)/(-5).
9
Calculate the remainder when (-6)/(-21) - (-1485)/21 is divided by 24.
23
Let i = 61 - 18. Suppose -5*h - i = -3*m, 4*m + 4 = 3*m - 2*h. What is the remainder when m is divided by 2?
0
Let d = 393 + -257. Let k = -53 + d. What is the remainder when k is divided by 21?
20
Let i(x) = -4*x**3 - 3*x**2 - 4*x + 2. Calculate the remainder when i(-3) is divided by 25.
20
Suppose 2*u = 2*p - 10, -3*p = -5*u - 13 - 12. Suppose -a + 3 = -p*a. Calculate the remainder when (-1 - 7/(-2))*2 is divided by a.
2
Let i(t) = -9*t - 25. Calculate the remainder when i(-6) is divided by 20.
9
Let m(v) = -v**2 + 7*v + 2. Let j(x) = -x + 2. Let l be j(-5). What is the remainder when 5 is divided by m(l)?
1
Let c be (12/((-9)/3))/(-2). Suppose -4 = -c*b - 0. Suppose -4*r + 0 = -8. Calculate the remainder when b is divided by r.
0
Let u = 19 + -3. What is the remainder when (138/9)/(1/3) is divided by u?
14
Let h be (-3)/(8/2 - 3). Let q be 46/h*12/8. What is the remainder when 18 is divided by (-8)/12 + q/(-3)?
4
Let k(p) = -p**3 + p**2 + p + 1. Let x(g) = g + g**3 - 2 + 3 - 2*g. What is the remainder when x(0) is divided by k(0)?
0
Suppose -18 - 24 = -5*r + 2*c, 0 = 2*r - 2*c - 12. What is the remainder when r is divided by 4?
2
Let x(u) = u**3 - 5*u**2 + 2*u + 6. Let n = 16 - 9. Calculate the remainder when x(n) is divided by 30.
28
Suppose 0*u - u + 18 = 0. What is the remainder when u is divided by 7?
4
Let z be (-4)/(-6) + (-34)/6. Let i be (-6)/(-15) - 33/z. Suppose -l - h + 9 = -i, 0 = l + 3*h - 24. What is the remainder when 34 is divided by l?
10
Let j(d) = -d**3 - 5*d**2 - 4*d + 7. Let m be j(-5). Let v = -14 + m. What is the remainder when 24 is divided by v?
11
Let i = -76 - -139. Calculate the remainder when i is divided by 17.
12
Suppose -4*w + 6*d = 3*d - 137, 2*d + 104 = 3*w. What is the remainder when w is divided by 15?
8
Suppose -r + 13 - 8 = 0. Calculate the remainder when 19 is divided by r.
4
Let p(s) = s**2 - s. Calculate the remainder when 2 is divided by p(-1).
0
Let d be (230/8)/(1/4). Suppose 5*r - d = -5. Calculate the remainder when 42 is divided by r.
20
Let z = 3 + -1. Suppose y = -4*r + 2*y + 91, -48 = -z*r - 2*y. Calculate the remainder when r is divided by (-6)/(-3) + -3 - -13.
11
Let b = -16 - -39. Calculate the remainder when 45 is divided by b.
22
Suppose 3*f - 472 = -2*t, 3*f - 7*f - 3*t = -631. What is the remainder when f is divided by 39?
37
Let t be 72 - (2 + 2 + -2). Let y = 119 - t. What is the remainder when y is divided by 17?
15
Let i(n) = n**3 - n**2 + n + 17. Let j be i(0). Suppose -w - 4*m = -0*w + j, w + 7 = -2*m. What is the remainder when 16 is divided by ((-16)/(-4))/(2/w)?
4
Suppose -k = -1 - 12. Suppose 0 = r + 4*r - 5. Suppose 4 = a - r. What is the remainder when k is divided by a?
3
Suppose 3*k - 2*k - 4 = 0. Suppose -67 = -k*b - 6*r + r, 2*b + 5*r = 41. Calculate the remainder when 36 is divided by b.
10
Suppose 0 = -3*n - n + 40. Let u(z) = -z**2 - 7*z + 5. Let f be u(-6). Let q = f + 7. Calculate the remainder when q is divided by n.
8
Suppose -5*p + p + 12 = 0. What is the remainder when 14 is divided by p?
2
Let y = 82 - 49. Calculate the remainder when y is divided by -2 + (1 - 1) + 19.
16
Suppose 0*b + 10 = 2*b. Let f(c) = 4*c + 3. Calculate the remainder when f(b) is divided by 2/4 - (-23)/2.
11
Suppose 0*a = 2*a + 4. Calculate the remainder when 24 - 2*(3 + a) is divided by 8.
6
Suppose 17*y + 11 - 181 = 0. Calculate the remainder when 75 is divided by y.
5
Let z = 87 + -80. What is the remainder when 40 is divided by z?
5
Suppose 6 = -0*o + 3*o. Suppose 4*x - o = 2. What is the remainder when 27 - (-1 - x - -4) is divided by 9?
7
Let d be 4/22 - 8/44. What is the remainder when 686/7 + (d - 0) is divided by 25?
23
Let f(p) = -2*p**3 - 2*p**2 - 2*p - 1. Let j be (-103)/(-2) - 3/2. Let r = j + -7. Ca